ors of r?
3, 17
Suppose 31*i - 27*i = 488. What are the prime factors of i?
2, 61
Suppose 5*r + 255 = 2*n, r - 131 + 21 = -n. Suppose -45 = -u + 7*o - 3*o, 0 = -4*u + 3*o + n. List the prime factors of u.
5
Let g be 27*((-16)/6 - -3). List the prime factors of g - -3 - (-4)/(-2).
2, 5
Suppose 5*y = 4*p + 15, -5*y + 5*p - 2*p = -10. What are the prime factors of ((-18)/(-36))/(y/(-24))?
2, 3
Let k = 106 - -409. What are the prime factors of k?
5, 103
Suppose 0 = -j - 2*y + 6 + 3, 0 = -2*j + 5*y + 54. Let u = -17 + j. Suppose -g + 7*g - 450 = u. List the prime factors of g.
3, 5
Suppose 64*h + 7756 = 83468. List the prime factors of h.
7, 13
Suppose 5 = -a - 3*r, 3*r = -r - 20. What are the prime factors of (1/3)/(a/3270)?
109
Suppose -12*b + 227 = -1105. Suppose -10*x + 2901 = b. What are the prime factors of x?
3, 31
Let x = -2210 - -3274. List the prime factors of x.
2, 7, 19
Suppose 5*w - 3*c = 254, -7*w + 4*c = -3*w - 200. List the prime factors of w.
2, 13
Let a be (-3 - -6)/((-4)/(-4)). Suppose 2*k - 15 = -a*k. List the prime factors of (-36 - 0)*(-1)/k.
2, 3
Let a(v) = 2*v**2 - 21*v + 17. Let f(c) = -c**2 + 11*c - 9. Let r(y) = -3*a(y) - 5*f(y). Suppose -q + 10 = q. What are the prime factors of r(q)?
3
Let w(s) = -459*s. What are the prime factors of w(-1)?
3, 17
Let c = -17 - -16. What are the prime factors of 11 - (-3 - 2/c)?
2, 3
Let y = 36 + -50. Let x = y - -25. List the prime factors of x.
11
Let d = -116 + 120. Let p be 0 + 1 - (11 + -2). What are the prime factors of d/p*10*-4?
2, 5
Let w = -2918 - -5793. List the prime factors of w.
5, 23
Let a = 48 - 63. List the prime factors of (-2594)/(-10) + 6/a.
7, 37
Suppose -6575 = -17*q - 1305. What are the prime factors of q?
2, 5, 31
List the prime factors of (-68400)/(-208) + -1*4/(-26).
7, 47
Let d(w) = 191*w**2 + w. Let z be d(-1). Suppose 0 = -4*q + a - 2*a - 178, -4*q - z = -5*a. Let p = q - -63. List the prime factors of p.
2, 3
Let g(t) = t**3 - 6*t**2 + 8*t - 9. Let j = 77 + -72. What are the prime factors of g(j)?
2, 3
Suppose -17*g + 6696 = 37*g. What are the prime factors of g?
2, 31
Let o(i) = 3*i**3 - 22*i**2 - 2*i - 9. List the prime factors of o(8).
103
Let v be 16/2*((-145)/10 + 5). Let u = v + 103. What are the prime factors of u?
3
Suppose -2*s = -8, 10*h - 5*h - 4646 = -4*s. List the prime factors of h.
2, 463
Let o be (1 + -2)/(12/(-48)). Suppose 0 = -o*f + 368 - 76. List the prime factors of f.
73
Suppose -544*i = -550*i + 6864. What are the prime factors of i?
2, 11, 13
Let y = 90 + -47. Suppose -29 = 4*w + y. Let j = w - -58. What are the prime factors of j?
2, 5
Suppose 2*r = -4*p - 34, -4*r - p = -2*p + 59. Let x = 20 + r. Suppose 0 = m + x*m - 306. List the prime factors of m.
3, 17
Let m(w) = -12*w + 11. Let t be m(-5). Let c = 112 - t. What are the prime factors of c?
41
Let k = 112 + -78. List the prime factors of (-6)/3*2 + k.
2, 3, 5
Let x be (1 - 2)*(9 - 4). Let q(p) = -2*p**3 - 6*p**2 - 5*p - 5. List the prime factors of q(x).
2, 3, 5
Let r be (-47)/(-3) + (-12)/18. Suppose 3*o - 7*a + 3*a + 31 = 0, -4*o - 35 = a. Let p = r + o. List the prime factors of p.
2, 3
Let c = -147 - -102. What are the prime factors of 129/((c/(-10))/3)?
2, 43
Let s(j) = j**2 + 11*j - 2. Let o = -17 + 15. Let l be 4/o - 1 - 10. What are the prime factors of s(l)?
2, 3
Let r = -139 - -208. What are the prime factors of r?
3, 23
Suppose -106*g = -129*g + 41791. What are the prime factors of g?
23, 79
Suppose 3*p - 1857 - 568 = -l, -l + 1615 = 2*p. What are the prime factors of p?
2, 3, 5
Let r(q) = 25*q + 1. Let y be r(-1). Let b be 3 + 0 - y/4. Let k = b + -6. What are the prime factors of k?
3
Let i be (-14)/(-6) - (-6)/(-18). Suppose d - i*d - g + 55 = 0, g = 0. List the prime factors of d.
5, 11
Suppose 3*v + 69 + 12 = 0. Let q = -24 - v. Suppose 0 = -n - q*n + 4, 28 = s + 4*n. What are the prime factors of s?
2, 3
Let j(p) = p**2 - 5*p - 6. Let m be (-3 - -1)/(-8)*68. Let s = -9 + m. List the prime factors of j(s).
2, 3
Let k = 49 + -86. Let q = -20 - k. Let c = 34 - q. List the prime factors of c.
17
Let d = 7710 - 4669. List the prime factors of d.
3041
Let y(z) = 4*z**2 - 5*z - 8. Let k be y(-8). Suppose -3*i - 5*r = -270, -2*i = i - r - k. Suppose i = -h + 6*h. What are the prime factors of h?
19
What are the prime factors of (-91 + -31)/(5/((-900)/8))?
3, 5, 61
Suppose 61*x - 55373 = 10568. List the prime factors of x.
23, 47
Let k = 7576 - 4345. What are the prime factors of k?
3, 359
Let w(t) = -t**2 + 17*t + 4. Let m be w(17). Suppose -h - 4 = -m*y, -2*h - 3*h - 5*y + 30 = 0. What are the prime factors of h?
2
Suppose 5*l + 50 = 4*a - 9*a, 22 = -4*l + 5*a. What are the prime factors of 2871/44 + (-6)/l?
2, 3, 11
List the prime factors of (134016/27)/2 - (-216)/972.
2, 17, 73
Let a be 46/11 + 2/(-11). Suppose -8*l + 300 = -3*l + t, 0 = l - a*t - 60. What are the prime factors of l?
2, 3, 5
Let u(d) = 21*d**3 - 7*d**2 + 11*d - 23. What are the prime factors of u(3)?
2, 257
Suppose 0 = -4*w - 3*k + 4*k + 9006, w - 2257 = 3*k. What are the prime factors of w?
2251
Let t(l) = -l**2 + 58*l + 16. What are the prime factors of t(29)?
857
Suppose 105*i - 99*i = 12690. What are the prime factors of i?
3, 5, 47
Let i = 76 - 77. What are the prime factors of (-3*122)/(4*i/2)?
3, 61
Let m be -3 + 3 + 4 + -1. Let z(b) = 6*b**3 - 10*b + 5 - 3*b**3 - 10*b**2 - 2*b**m. List the prime factors of z(11).
2
Let o(c) = c**3 + 10*c**2 + 9*c - 10. Let h be o(-7). Suppose k = -3*l + 204, 5*l = 3*k + h + 280. What are the prime factors of l?
3, 23
Let t(c) = -c**3 - 7*c**2 - 21*c + 55. What are the prime factors of t(-10)?
5, 113
What are the prime factors of ((-52)/30)/13 - (-86168)/60?
2, 359
Let u = -11 + 68. What are the prime factors of u?
3, 19
What are the prime factors of 678*(-10 - (-40)/3)?
2, 5, 113
Suppose -p + 4*k = -3, -2*p + 3*k = 8*k - 6. Suppose -p*i - 2*i + 330 = 0. Suppose 5*t = 69 + i. List the prime factors of t.
3
Suppose -8*z = -284 - 844. Suppose -29*a + z = -28*a. List the prime factors of a.
3, 47
Suppose 4*m - 15 - 5 = 0. Suppose -9*v + m*v = -284. What are the prime factors of v?
71
Let b(m) = -m**2 + 6*m. Let r be b(5). Suppose r*n + n - 372 = 0. List the prime factors of n.
2, 31
Let n = 145 - 42. What are the prime factors of n?
103
Let z = -1 - -18. Suppose -2*f - z + 49 = 0. List the prime factors of f.
2
Suppose -3*r + 1208 = r. Let z = r - 183. Let o = 172 - z. What are the prime factors of o?
53
Let o = -1660 + 2057. What are the prime factors of o?
397
Suppose 2*c - 2*b = 3*b + 186, -16 = 4*b. Suppose -4*f - 127 = -k - f, -f + 107 = k. Suppose c + k = 5*g. What are the prime factors of g?
3, 13
Let l be (0 - 5/10)*-24. Let r = l + -9. List the prime factors of r.
3
Suppose 61 - 87 = -2*u. List the prime factors of u.
13
Suppose 6*c = 11 + 1. Let j = -1 + c. List the prime factors of j/(4 - 163/41).
41
Let z = 12 - 10. Suppose -2*q = 5*o - 23, q + z*o = -o + 9. Suppose g = l + 2*g - q, 2*l = 2*g + 56. What are the prime factors of l?
2, 13
Let a = -6813 + 10080. List the prime factors of a.
3, 11
Let y = 49 + -129. Let z = y - -45. Let k = 58 + z. List the prime factors of k.
23
Suppose -2*w - 5*m + 39 = 9, -3*m + 37 = 5*w. Suppose -w*k = -3*p + 5, -5*k + 8 = -2. Suppose p = 4*n - 3*n. List the prime factors of n.
5
Let z be (5*-37 + -1)/(1/(-4)). List the prime factors of (2/4)/(4/z).
3, 31
List the prime factors of ((-11)/3 - 1/3) + 257.
11, 23
Let s(z) = -8*z + 8. Suppose -3*f - 22 = -3*h - 1, 0 = -f + 4*h - 10. List the prime factors of s(f).
2, 7
Let s(l) = -76*l - 4. What are the prime factors of s(-3)?
2, 7
Suppose -5*x - 305 = 55. Let a = 110 + x. List the prime factors of a.
2, 19
Let i be (-8)/(-40) - 2/10. Suppose i = -k, 0 = 5*u - 8*k + 5*k - 10. Suppose -32 = -u*v + 4. What are the prime factors of v?
2, 3
Suppose 0 = f - 3*f + 8. Suppose 4*q - 5*q = 2*v - 10, 1 = f*q - 5*v. What are the prime factors of 99/(-27)*(1 - q)?
11
Suppose 28 = 5*h - n, 6 + 3 = 3*h + 2*n. Let p be 2/(-2 - -4)*18. Suppose p = 3*k - o, 0 = -h*k + 2*k - 5*o + 36. What are the prime factors of k?
7
Let s(v) = 2*v**2 - 3*v - 9. Let m(z) = z**2 - 8*z + 12. Let g be -2 + (-1 - -3) + 7. Let r be m(g). List the prime factors of s(r).
2, 13
Let a = 582 + -40. Suppose -4